 p is divided by 63?
61
What is the remainder when (9 + -8)/(0 - 1/(-2141)) is divided by 102?
101
Let s(z) = -z**2 - 5. Let p be s(-5). Let l = p + 52. What is the remainder when l is divided by 2 + 1*-3 + 13?
10
Let s(u) = -u**3 - 20*u**2 + 35*u - 60. Calculate the remainder when 436 is divided by s(-22).
22
Let r = 998 + -924. What is the remainder when 166 is divided by r?
18
Suppose -4 = -4*l + 36. Suppose -30*v = -959 - 121. What is the remainder when v is divided by l?
6
Suppose -365 = -44*m + 39*m. What is the remainder when 654 is divided by m?
70
Let b(y) = 2*y - 8. Let o be b(5). Suppose -o*q - 78 = -4*q. What is the remainder when q is divided by 14?
11
Let h be (-5)/(-4) + 1/(-4). Suppose -28 - 7 = -5*t. Calculate the remainder when 11 is divided by t*(3 + h - 3).
4
Let v(p) = 35*p - 290. What is the remainder when 547 is divided by v(9)?
22
Suppose -2*c - 107 + 286 = 5*m, 2*c - 170 = 4*m. Let k = -658 + 671. What is the remainder when c is divided by k?
9
Suppose 0 = 6*m + 8 + 28. Calculate the remainder when 14 - (-3)/m*-2 is divided by 10.
5
Let n = -2 - -11. Let t(g) = g**3 + 3*g**2 - g + 4. Let q be t(-4). Let f = -5 - q. What is the remainder when n is divided by f?
0
Let d be -3 - (-3)/((-6)/(-20)). Let s(v) = 2*v + 16. What is the remainder when 87 is divided by s(d)?
27
Let w be ((3 - 17)/(-7))/(1/2). Suppose -w*m + 8*m = 496. Calculate the remainder when m is divided by 25.
24
Suppose 126*u - 122*u - 20 = 0. Suppose r - 55 = -c, 279 = u*r + c - 0*c. Calculate the remainder when 220 is divided by r.
52
Suppose 4*u + 7 = 111. Calculate the remainder when 155 is divided by u.
25
Suppose -8*f + 0*f - 64 = 0. Let w be 3 + (f + 4 - 437). What is the remainder when (-10)/(-65) - w/26 is divided by 6?
5
Let v = -8 - -22. Suppose -13*u - 450 = -8*a - 18*u, a - 59 = -2*u. Calculate the remainder when a is divided by v.
13
Suppose 21 = v + 4*n, -4*v - 4*n + 67 + 17 = 0. Let c = v - 7. Calculate the remainder when 186/7 - 8/c is divided by 14.
12
Let d(r) = 304*r**2 - r + 1. Calculate the remainder when d(-1) is divided by 28.
26
Calculate the remainder when 76 is divided by (1*33)/((-45)/330*-11).
10
Let c = 68 + -71. Let z = 156 + c. Calculate the remainder when z is divided by 39.
36
Suppose p + 5 = 0, 5*x - 6 = 2*p + 9. Calculate the remainder when 86 is divided by 2*(-85)/(-10) + x.
14
Suppose w + 3 = 6. Suppose -3*x + 111 = -0*x + w*a, 4*a = -2*x + 68. Calculate the remainder when x is divided by 21.
19
Let p(i) = -i**2 - 10*i - 17. Let j be p(-10). Let k = -13 - j. What is the remainder when k*-23*(-2)/4 is divided by 16?
14
Suppose -2*y + 23 + 5 = -4*l, -5*l = -3*y + 37. What is the remainder when (-9)/(-2) - 4 - (-286)/y is divided by 57/3*(1 + 0)?
15
Suppose -i + 20 = -4. Suppose 21 = -21*m + i*m. Calculate the remainder when 45 is divided by m.
3
Let c(g) = -2*g - 2. Suppose -115 - 129 = -4*w. Calculate the remainder when w is divided by c(-5).
5
Let u(o) = o + 26. Calculate the remainder when 90 is divided by u(5).
28
Let a = -3 - -57. Calculate the remainder when 10 is divided by ((-5)/(-3))/(15/a).
4
Let k(c) = -26*c. Suppose -s - 12*s - 26 = 0. Let b(o) = 6*o - 6. Calculate the remainder when k(s) is divided by b(4).
16
Let s(d) = 2*d**2 - 3*d - 5. Let a(k) = k**2 - k - 3. Let p(o) = -5*a(o) + 3*s(o). Calculate the remainder when p(-2) is divided by 7.
5
Suppose -3*k + 4 = -308. Calculate the remainder when k is divided by 12.
8
Let p(b) = -2*b**3 - 2*b**2 - 2*b - 4. Let i be p(-4). Calculate the remainder when i/(-14)*(-4 - 3) is divided by 18.
14
What is the remainder when 779 is divided by -4 - (-2 + -12 - (-14 + 13))?
5
Let s = -23 + 22. Calculate the remainder when (-412)/(-8) - s/2 is divided by 18.
16
Calculate the remainder when 4*(-4)/8 + (244 - 2) is divided by 48.
0
Let a(q) = -7*q**3 + 3*q**2 + 10*q + 3. Let u(t) = -21*t**3 + 8*t**2 + 29*t + 8. Let x(h) = 17*a(h) - 6*u(h). What is the remainder when x(2) is divided by 33?
30
Calculate the remainder when 35/15*2*51/1 is divided by 16.
14
Suppose 11*f - 6*f = -575. Let m be (-5)/10*(f - 1). Suppose 6*y - m = 158. What is the remainder when y is divided by 13?
10
Let q(k) = -k**2 + 20*k - 39. Let p be 1/3 + 4/6. Calculate the remainder when p/(2/(2*35)) is divided by q(17).
11
Suppose t - 4*t = -117. Let f = -35 + t. Let y = 11 + -8. What is the remainder when f is divided by y?
1
Let t be 4/(-6) + (-161)/(-21). Let i(x) = 3*x - 17. What is the remainder when (28/10)/((-7)/(-35)) is divided by i(t)?
2
Let o = -29 + 124. Let s(l) = -l**3 + 13*l**2 + l + 11. What is the remainder when o is divided by s(13)?
23
Let m(i) = -i**2 + 11*i + 43. Calculate the remainder when 50 is divided by m(13).
16
Suppose -4*h = -5*v - 9 + 42, -4*h - 13 = -v. Let a = v - -3. What is the remainder when a is divided by 2?
0
Suppose -577 = -8*s + 319. Suppose 18 = -3*q + 87. What is the remainder when s is divided by q?
20
Suppose 0 = 5*f - l - 56, -4*f - 2*l + 6*l + 32 = 0. Suppose -4*h - 15 = -99. Calculate the remainder when h is divided by f.
9
Let l = 1113 + -1023. Calculate the remainder when 91 is divided by l.
1
Let h = 14 + -17. Calculate the remainder when 168 is divided by 400/24 + (-1)/h.
15
Suppose 11 - 16 = 5*z. Let k(h) = -h**2 + 17*h + 14. Calculate the remainder when k(10) is divided by (-21 + (4 - 0))*z.
16
Let g = 92 + -90. Suppose 0 = -3*s - 6*o + g*o + 43, 4 = 4*o. What is the remainder when 63 is divided by s?
11
Suppose -y - 5*b + 54 = -6*b, 0 = -5*y + 2*b + 282. Suppose 4*a - y = -10. Calculate the remainder when 22 is divided by a.
10
Suppose 3 = -f + 117. Calculate the remainder when 365 is divided by f.
23
Suppose -2*u - 2*v - v + 201 = 0, 5*u - v - 494 = 0. Let x(c) = -c**3 + 8*c**2 + 74*c + 156. Calculate the remainder when u is divided by x(-4).
47
Let s(i) = -19*i - 78. What is the remainder when 31 is divided by s(-5)?
14
Suppose -2*a - 4*y + 62 = -a, 4*a + 5*y = 193. Let q = 36 + -16. Suppose 3*j - 13 = q. What is the remainder when a is divided by j?
9
Let m = 518 + -473. What is the remainder when 312 is divided by m?
42
Let s(t) = -t**2 + 34. Let q = 117 + -97. Calculate the remainder when s(0) is divided by q.
14
Let v = -585 - -747. What is the remainder when v is divided by 17?
9
Suppose -3*m - 5*u = -130, -9*u = 3*m - 12*u - 90. What is the remainder when m is divided by 14?
7
Suppose -27 = -0*t - t + 3*n, t - 5*n - 35 = 0. Let o be (18/(-8) + 2)*-4. Calculate the remainder when ((-44)/(-10))/(o/10) is divided by t.
14
Suppose -i + 9 + 3 = 0. Let t be ((-9)/12)/(3/(-60)). Suppose f - 8 = t. Calculate the remainder when f is divided by i.
11
Suppose -s - 1680 = -49*s. What is the remainder when 128 is divided by s?
23
Let f = 135 + -102. Let q be (1/(-3))/((-5)/75). Suppose 2*y - 76 = -q*l + 6*y, -y + 32 = 3*l. Calculate the remainder when f is divided by l.
9
Suppose -654 = -3*j - 3*z, 100*j + 5*z = 96*j + 877. Calculate the remainder when j is divided by 50.
13
Let t(d) = -11*d - 286. Let g(s) = s**3 + 8*s**2 - 2*s - 8. What is the remainder when t(-28) is divided by g(-8)?
6
Suppose 5*b - 4*h = 562, 5*h + 565 = 7*b - 2*b. What is the remainder when b is divided by (-82)/(-3) + -9 - (-6)/9?
15
Let v = 66 - 11. What is the remainder when 213 is divided by v?
48
Let s be 13/26 + (-19)/(-2). Let k(f) = f**2 - f**3 + 9 + s + 6 + f. Calculate the remainder when k(0) is divided by 9.
7
Let g = 88 + -43. Suppose 0 = s + c - 9, -5*s + 3*c + g = -0*s. What is the remainder when s is divided by 2?
1
Suppose -2*f - y + 22 = 0, -4*f = -5*y - 37 - 21. What is the remainder when (-42)/((-4)/2) - -1 is divided by f?
10
Let t(h) = h**2 - 7*h + 15. Let n be t(5). Suppose -35 = -2*g - w, -g - n*w + 0 = -4. Calculate the remainder when 92 is divided by g.
16
Let s = 1279 + -1144. Calculate the remainder when s is divided by 48.
39
Suppose 9*o + 321 = 2643. Calculate the remainder when o is divided by 134.
124
Calculate the remainder when 83 is divided by ((-72)/(-144))/((-1)/(-34)).
15
Suppose 0 = 4*o + 3*h - h - 24, 0 = 2*h. Let j(f) = f - 3. Calculate the remainder when (-70)/(-15) + 2/6 is divided by j(o).
2
Suppose 164*r = 171*r - 119. Calculate the remainder when 61 is divided by r.
10
Let z(d) = 32*d - 20. What is the remainder when z(3) is divided by